. Is 8 a factor of r(s)?
False
Suppose -5*i - 25 = 0, 2*i + 29 = 3*j - 26. Suppose 0 = 4*p - 9 - j. Does 6 divide p?
True
Suppose 5*c + 190 = 3*k, 4*k - 4*c - 129 = 119. Does 12 divide k?
True
Does 22 divide 127/4 - 6*(-2)/(-16)?
False
Suppose -5*u = 94 - 389. Does 29 divide u?
False
Suppose 3*w - 15*w = -288. Is 10 a factor of w?
False
Let i = -1 + 0. Let y(n) = 59*n**2 + 1. Is y(i) a multiple of 20?
True
Let r(x) = x - 17. Let q be r(0). Let p = q - -10. Let w(m) = m**2 + 2*m - 3. Is w(p) a multiple of 16?
True
Suppose j - m - 7 = 0, -j - 4*j + m = -47. Let u = -7 + j. Is 0 - -6*3/u a multiple of 3?
True
Is (8 - 2)/(7/252) a multiple of 18?
True
Let m(o) = -o**3 - 16*o**2 - 16*o - 10. Does 2 divide m(-15)?
False
Let c(f) = f**2 - 4*f - 5. Suppose 3*h + h = 24. Let l be c(h). Suppose -2*q = -l*q + 50. Is 5 a factor of q?
True
Let l be (-1)/(-5) + 599/5. Suppose 5*i + 2*h = l + 220, h + 193 = 3*i. Is 17 a factor of i?
False
Let l be 6/2 + (-5 - -89). Let c = l - 52. Is c a multiple of 20?
False
Let h(v) be the second derivative of v**7/840 - v**6/120 + v**5/60 - v**3/3 - 2*v. Let x(g) be the second derivative of h(g). Does 15 divide x(4)?
False
Let p(n) = 2*n**3 + 5*n**2 + 3*n + 4. Let h be p(-3). Let i be 35/2*(-24)/h. Suppose -5*u = w - 175, 4*w + i = 10. Is 12 a factor of u?
True
Let v(t) = -t**3 + 7*t**2 - t - 7. Let o(p) = 4*p**3 + 2*p**2 - p. Let s be o(1). Does 17 divide v(s)?
False
Let u(t) = t**3 - 7*t**2 + 8*t - 4. Let w be u(6). Suppose w + 17 = g. Is g a multiple of 25?
True
Suppose 0*j = 2*j + 4*g, 0 = 3*j + 2*g. Suppose 2*c + j*c = 8. Suppose c*s - 215 = -s. Does 16 divide s?
False
Let w(t) = -2*t - 4. Let q be -4 + 0/(1 - 0). Let p be w(q). Suppose 3*d - 5*i - 144 = -45, 0 = p*d - 5*i - 127. Is 14 a factor of d?
True
Let k = 4 + -4. Let b(g) = k - 1 + 9*g + 16*g. Is 10 a factor of b(1)?
False
Suppose 0 = 2*l - 7*l - 155. Let i = 74 + l. Does 9 divide i?
False
Let y = 4 + -2. Let i = 2 - y. Suppose -v + i*v = o - 10, 30 = 2*v + 4*o. Is 2 a factor of v?
False
Suppose 3*p - 6 = p. Is (-56)/p*(-19 + 16) a multiple of 28?
True
Is (-299)/(-9) - 10/45 a multiple of 11?
True
Let b = 12 + -6. Suppose b*x - 8*x = -48. Is 12 a factor of x?
True
Suppose 0 = 4*d - 131 - 57. Is d a multiple of 11?
False
Let m(w) = w + 5. Let a be m(15). Suppose -d + 21 + a = 0. Does 11 divide d?
False
Let f = 161 - 100. Suppose -2*w + 1 = 11, -3*x - 3*w - 87 = 0. Let k = f + x. Does 14 divide k?
False
Let s be 0 + 3 + (0 - 0). Suppose -s*c + 3 + 3 = 0. Suppose -m = -c*q + 52, 4*q + 2*m + 2*m = 80. Does 9 divide q?
False
Let i be -1*3/12 + 132/16. Let g(x) = 7*x - 2 - 2*x - 10. Is 14 a factor of g(i)?
True
Let r be -12*(5/(-2) - -2). Let s be ((-3)/r)/(2/(-92)). Suppose 2*w - 6*w = 5*h - 60, -h + s = 3*w. Is h a multiple of 5?
False
Is (72/(-15))/(7/(-70)) a multiple of 24?
True
Let w = -6 + 6. Suppose w = -5*b - 5*t - 350, -t = -2 + 7. Let j = -26 - b. Is j a multiple of 11?
False
Let m(q) = 0*q**2 - q**2 - 4*q + 2*q**2 - 8. Let g be m(6). Suppose g = -2*h + 24. Is 4 a factor of h?
False
Let j = 39 - 15. Does 12 divide j?
True
Let k(d) be the first derivative of -2*d**2 + 4*d - 4. Is k(-5) a multiple of 10?
False
Suppose 2*q - 38 = -4. Is 7 a factor of q?
False
Let u = -1 + 0. Let s = 27 + u. Is 8 a factor of s?
False
Suppose -5*j = -4*r - 160, 2*j + 0*r + 3*r = 41. Suppose -8 + j = 5*n - t, 5*n = -5*t - 10. Does 17 divide 10/(n/15*1)?
False
Let t be 4 - 1 - (-3)/(-1). Suppose 0 = -4*u + 2*u + 8. Suppose 4*c + u = -12, 3*s - c - 49 = t. Is s a multiple of 15?
True
Suppose 4*c - c = 6. Let n = -8 - -11. Suppose 4*t - 11 = -n*w, -5*w - c*t + 22 = t. Does 5 divide w?
True
Let i = -28 - 12. Let j = i + 105. Does 14 divide j?
False
Suppose 5*o - 8 = 47. Is 11 a factor of o?
True
Let r(k) = 14*k**2 + k + 1. Let x be r(-1). Let o = -5 + x. Suppose 0 = n + 5*g - 25, 4*g + 1 = o. Is 5 a factor of n?
True
Let y = 24 - 121. Let q = -51 - y. Is q a multiple of 20?
False
Let d(a) = 6*a - 22. Is d(6) a multiple of 7?
True
Let f = 14 + -29. Is 8 a factor of 291/15 + 6/f?
False
Let i be ((-45)/(-12) - 2)*-4. Does 16 divide (-2)/i + 220/14?
True
Let t be 4/4 + 36 + 1. Let n(l) = -l**2 - l + 65. Let i be n(0). Let o = i - t. Is o a multiple of 9?
True
Let p(z) = z - 3. Let a be p(6). Is (a - 2)/(1/13) a multiple of 10?
False
Let s = 29 + -10. Is s a multiple of 19?
True
Let c(h) = -h**3 + 5*h**2 + 8*h - 6. Suppose 2*g = 4*d - 4, 0*g - g - 5*d = -26. Does 5 divide c(g)?
False
Let f = -7 + 10. Is 12 a factor of (9*3)/(f/4)?
True
Suppose -d + 9 = -0*k + 3*k, -3 = -k + 5*d. Suppose 6*l - 2*l + 22 = 2*y, k*y - 2*l - 21 = 0. Does 11 divide (26/(-10))/((-1)/y)?
False
Let u be ((-1)/2)/(3/108). Let z be -2*(0 - u/(-2)). Suppose z = 2*b - b. Is b a multiple of 10?
False
Let f = 6 + -2. Suppose t + a - 54 = 4*a, -f*t = -2*a - 216. Suppose -t = -j - j. Is 9 a factor of j?
True
Let d = 249 - -11. Is 26 a factor of d?
True
Suppose -65 = 4*o + 5*m, -4*o - m - 61 = -0*o. Let g be (-846)/o - 4/10. Suppose -u - q = 4*q - g, 2*q = 6. Is u a multiple of 16?
False
Let g be 7 + 1*(0 - 1). Suppose 9 = -3*a + g. Is -3 + (a + 7)*2 a multiple of 3?
True
Suppose -3*p = p. Let t be (p + 0)/(2/(-2)). Suppose -3*v + 10 = -v + j, 5*v - 3*j - 47 = t. Does 5 divide v?
False
Let h(o) = o**3 - o**2 + o - 1. Let q be h(0). Let k be q*(-3)/(-3)*-19. Suppose 0 = 4*a - 37 - k. Does 14 divide a?
True
Let k = -44 + 80. Is 9 a factor of k?
True
Let p(a) = a**2 - 8*a - 4. Let w be p(9). Suppose -4*t + w = -43. Suppose -20 = 2*c - 5*c - 5*k, 2*c = -2*k + t. Is 5 a factor of c?
True
Suppose -3*t = -t - 96. Suppose 0 = 3*q - 96 - t. Is q a multiple of 19?
False
Let w(s) = -s**3 - 2*s**2 + s - 1. Let n be w(-3). Suppose 2*v - v - n = 0. Is 3 a factor of v?
False
Let z be 20/15*(-6)/(-4). Let k = 29 - z. Is k a multiple of 10?
False
Let o = -5 - -44. Does 13 divide o?
True
Let n be (-104)/(-18) - (-6)/27. Let h(l) be the second derivative of -l**5/20 + 5*l**4/12 + 4*l**3/3 - l**2/2 - 2*l. Is h(n) a multiple of 3?
False
Suppose 2*p + 5*d = -2*p + 313, 2*d + 306 = 4*p. Does 5 divide p?
False
Let f(y) = 2*y**3 + 2*y**2 + 2*y - 4. Suppose -b + r + 5 = 0, 5*b - 4*b + r = -1. Does 24 divide f(b)?
True
Let i(m) = 16*m. Let c be i(6). Suppose 3*d = 4*r + 109, 0*r - 2*r = 2*d - c. Is 15 a factor of d?
False
Suppose 18*m - 330 = 13*m. Is m a multiple of 22?
True
Let g be (2 - -3)*2/2. Suppose 11*n = 6*n + w + 34, 5*w - g = 0. Is 7 a factor of n?
True
Suppose -n + v = -32, n + 8*v = 3*v + 32. Let j = 10 + -4. Let o = n - j. Does 13 divide o?
True
Suppose 405 = 6*u - 15. Is u a multiple of 10?
True
Is 7 a factor of (-2 - -1)/((-6)/126)?
True
Let v(a) = a**3 + 8*a**2 + 6*a + 7. Let t be v(-7). Let k = -18 - -10. Let j = t + k. Is 6 a factor of j?
True
Suppose 5*k - 7 = p + 52, k - p = 11. Is k a multiple of 4?
True
Suppose 0 = -3*j + 2 + 46. Suppose 4*a + 4*h = 40 + j, 4*a - h = 41. Is a a multiple of 11?
True
Does 10 divide (-1)/(-2 - (-326)/164)?
False
Is -3 + (-17)/2*-2 a multiple of 7?
True
Let o(u) = -u**3 - u**2 + u - 2. Let t be o(-2). Let i be -3*1*-7 - t. Suppose i = v - 7. Does 10 divide v?
False
Let u = -12 + 12. Suppose 3*t = 5*b + 12, b = 2*t - u*b - 15. Does 9 divide t?
True
Suppose 2*c = c + 6. Suppose -4*u - 11 = -5*s, 2*s - c*u = -5*u + 5. Suppose -76 = -3*g - a, -g - s*a - 84 = -4*g. Does 13 divide g?
True
Let s = 1 - 1. Suppose s = -3*v + l + 62, -5*l + 2 = v - 8. Is 7 a factor of v?
False
Let u = -1 + 10. Is u a multiple of 9?
True
Let y = -5 + 7. Suppose 5*k + 4*a - y*a - 68 = 0, -a = 3*k - 41. Is k a multiple of 7?
True
Suppose -7*f + 70 = -2*f. Does 14 divide f?
True
Let u = -11 - -7. Let y = 9 + u. Let g = 0 + y. Is g a multiple of 5?
True
Let f(l) = -6*l + 1. Let j(m) = 19*m - 2. Let y(b) = -11*f(b) - 4*j(b). Does 9 divide y(-3)?
True
Let n(l) = 2*l**2 + 5*l + 2. Let o be n(-3). Suppose 19 = -o*m - 11. Does 11 divide 67/3 - (-2)/m?
True
Suppose -4*q - 2*x = -0*x - 512, -4*x = -3*q + 362. Does 13 divide q?
False
Let u be (47/(-2))/(3/(-6)). Let o = 25 - u. Let a = o - -38. Is 16 a factor of a?
True
Let j(w) = -14*w + 2. Let k = 1 + -4. Does 22 divide j(k)?
True
Suppose 4*x = 5*m + 15, 0 = x - 4*x - 5*m + 55. Let q = 26 + x. Does 12 divide q?
True
Is 12/7*(-4 + 18) a multiple of 12?
True
Suppose 9*f - 174 = 